{"id":181,"date":"2025-06-11T18:23:50","date_gmt":"2025-06-11T18:23:50","guid":{"rendered":"https:\/\/ivanvega.cl\/?post_type=product&#038;p=181"},"modified":"2025-06-12T12:03:49","modified_gmt":"2025-06-12T12:03:49","slug":"casa-camino-a-recoleta","status":"publish","type":"product","link":"https:\/\/ivanvega.cl\/index.php\/producto\/casa-camino-a-recoleta\/","title":{"rendered":"Casa Camino a Recoleta &#8211; Ovalle"},"content":{"rendered":"<ul>\n<li>Excelente estado<\/li>\n<li>P\u00e9rgola<\/li>\n<li>\u00c1rboles Frutales<\/li>\n<li>Dispone de Caba\u00f1a<\/li>\n<li>Orilla de carretera<\/li>\n<li>Amplio espacio<\/li>\n<li>Excelente conectividad<\/li>\n<li>Urbanizada completamente<\/li>\n<li>Llegar y habitar<\/li>\n<li>Muy buena oportunidad para negocio o actividad comercial<\/li>\n<\/ul>\n<p><strong>Contacto:\u00a0<\/strong><span class=\"position-relative wp-block-kubio-iconlistitem__text style-vXm5NzKLt_Z-text style-local-8-text\">+56 9 6321 9125 \/\u00a0<\/span>\u00a0ivanvega.cl@gmail.com<\/p>\n","protected":false},"excerpt":{"rendered":"<p>Excelente estado P\u00e9rgola \u00c1rboles Frutales Dispone de Caba\u00f1a Orilla de carretera Amplio espacio Excelente conectividad Urbanizada completamente Llegar y habitar Muy buena oportunidad para negocio o actividad comercial Contacto:\u00a0+56 9 6321 9125 \/\u00a0\u00a0ivanvega.cl@gmail.com<\/p>\n","protected":false},"featured_media":182,"comment_status":"open","ping_status":"closed","template":"","meta":{"saved_in_kubio":false},"product_brand":[],"product_cat":[23],"product_tag":[],"class_list":{"0":"post-181","1":"product","2":"type-product","3":"status-publish","4":"has-post-thumbnail","6":"product_cat-casas","8":"first","9":"instock","10":"shipping-taxable","11":"product-type-simple"},"_links":{"self":[{"href":"https:\/\/ivanvega.cl\/index.php\/wp-json\/wp\/v2\/product\/181","targetHints":{"allow":["GET"]}}],"collection":[{"href":"https:\/\/ivanvega.cl\/index.php\/wp-json\/wp\/v2\/product"}],"about":[{"href":"https:\/\/ivanvega.cl\/index.php\/wp-json\/wp\/v2\/types\/product"}],"replies":[{"embeddable":true,"href":"https:\/\/ivanvega.cl\/index.php\/wp-json\/wp\/v2\/comments?post=181"}],"wp:featuredmedia":[{"embeddable":true,"href":"https:\/\/ivanvega.cl\/index.php\/wp-json\/wp\/v2\/media\/182"}],"wp:attachment":[{"href":"https:\/\/ivanvega.cl\/index.php\/wp-json\/wp\/v2\/media?parent=181"}],"wp:term":[{"taxonomy":"product_brand","embeddable":true,"href":"https:\/\/ivanvega.cl\/index.php\/wp-json\/wp\/v2\/product_brand?post=181"},{"taxonomy":"product_cat","embeddable":true,"href":"https:\/\/ivanvega.cl\/index.php\/wp-json\/wp\/v2\/product_cat?post=181"},{"taxonomy":"product_tag","embeddable":true,"href":"https:\/\/ivanvega.cl\/index.php\/wp-json\/wp\/v2\/product_tag?post=181"}],"curies":[{"name":"wp","href":"https:\/\/api.w.org\/{rel}","templated":true}]}}